{"id":991,"date":"2021-05-12T21:41:43","date_gmt":"2021-05-12T21:41:43","guid":{"rendered":"https:\/\/www.ubytovaninamlejne.cz\/?page_id=991"},"modified":"2021-05-14T20:58:15","modified_gmt":"2021-05-14T20:58:15","slug":"uvod","status":"publish","type":"page","link":"https:\/\/www.ubytovaninamlejne.cz\/","title":{"rendered":"\u00davod"},"content":{"rendered":"\n<h1 class=\"wp-block-heading\">Nov\u011b zrekonstruovan\u00e9 ubytov\u00e1n\u00ed v\u00a0srdci \u0160umavy<\/h1>\n\n\n\n<div class=\"wp-block-media-text alignwide is-stacked-on-mobile\"><figure class=\"wp-block-media-text__media\"><img fetchpriority=\"high\" decoding=\"async\" width=\"1000\" height=\"673\" src=\"http:\/\/www.ubytovaninamlejne.cz\/wp-content\/uploads\/2021\/05\/cropped-IMG_6029-scaled-1.jpg\" alt=\"\" class=\"wp-image-931 size-full\" srcset=\"https:\/\/www.ubytovaninamlejne.cz\/wp-content\/uploads\/2021\/05\/cropped-IMG_6029-scaled-1.jpg 1000w, https:\/\/www.ubytovaninamlejne.cz\/wp-content\/uploads\/2021\/05\/cropped-IMG_6029-scaled-1-300x202.jpg 300w, https:\/\/www.ubytovaninamlejne.cz\/wp-content\/uploads\/2021\/05\/cropped-IMG_6029-scaled-1-768x517.jpg 768w, https:\/\/www.ubytovaninamlejne.cz\/wp-content\/uploads\/2021\/05\/cropped-IMG_6029-scaled-1-105x70.jpg 105w, https:\/\/www.ubytovaninamlejne.cz\/wp-content\/uploads\/2021\/05\/cropped-IMG_6029-scaled-1-600x404.jpg 600w\" sizes=\"(max-width: 1000px) 100vw, 1000px\" \/><\/figure><div class=\"wp-block-media-text__content\">\n<h3 class=\"wp-block-heading\">B\u00fdval\u00fd slavn\u00fd ml\u00fdn, m\u00edsto, kam v\u011bhlasn\u00fd spisovatel Karel Klostermann v&nbsp;70. letech 19. stolet\u00ed doch\u00e1zel za svoj\u00ed sest\u0159enic\u00ed Cec\u00edli\u00ed H\u00e4uslerovou a z&nbsp;vypr\u00e1v\u011bn\u00ed  jej\u00ed rodiny \u010derpal l\u00e1tku pro sv\u00e9 slavn\u00e9 rom\u00e1ny.  Ubytov\u00e1n\u00ed se nach\u00e1z\u00ed 500 metr\u016f pod obc\u00ed Srn\u00ed sm\u011br Modrava.   <\/h3>\n<\/div><\/div>\n\n\n\n<div class=\"wp-block-media-text alignwide has-media-on-the-right is-stacked-on-mobile\"><figure class=\"wp-block-media-text__media\"><img decoding=\"async\" src=\"http:\/\/www.ubytovaninamlejne.cz\/wp-content\/uploads\/2021\/05\/IMG_6055.jpg\" alt=\"\" class=\"wp-image-838 size-full\"\/><\/figure><div class=\"wp-block-media-text__content\">\n<h3 class=\"wp-block-heading\" id=\"block-e5d252a3-edfd-4fb7-be38-1ce7db5f7b47\">Podkrovn\u00ed 2-l\u016f\u017ekov\u00e9, 3-l\u016f\u017ekov\u00e9 a 4-l\u016f\u017ekov\u00e9 apartm\u00e1ny s koupelnou, TV a pln\u011b vybavenou kuchy\u0148kou. Wifi zdarma. Parkovi\u0161t\u011b, \u00faschovna kol nebo ly\u017e\u00ed. Venkovn\u00ed posezen\u00ed s ohni\u0161t\u011bm a grilem. Mo\u017enost zap\u016fj\u010den\u00ed d\u011btsk\u00e9 post\u00fdlky nebo dohodou mo\u017enost ubytovat krom\u011b sebe i sv\u00e9 dom\u00e1c\u00ed mazl\u00ed\u010dky. <\/h3>\n<\/div><\/div>\n\n\n\n<div class=\"wp-block-media-text alignwide is-stacked-on-mobile\"><figure class=\"wp-block-media-text__media\"><img decoding=\"async\" width=\"1024\" height=\"768\" src=\"http:\/\/www.ubytovaninamlejne.cz\/wp-content\/uploads\/2021\/05\/IMG_0664-1024x768.jpg\" alt=\"\" class=\"wp-image-945 size-full\" srcset=\"https:\/\/www.ubytovaninamlejne.cz\/wp-content\/uploads\/2021\/05\/IMG_0664-1024x768.jpg 1024w, https:\/\/www.ubytovaninamlejne.cz\/wp-content\/uploads\/2021\/05\/IMG_0664-300x225.jpg 300w, https:\/\/www.ubytovaninamlejne.cz\/wp-content\/uploads\/2021\/05\/IMG_0664-768x576.jpg 768w, https:\/\/www.ubytovaninamlejne.cz\/wp-content\/uploads\/2021\/05\/IMG_0664-1536x1152.jpg 1536w, https:\/\/www.ubytovaninamlejne.cz\/wp-content\/uploads\/2021\/05\/IMG_0664-2048x1536.jpg 2048w, https:\/\/www.ubytovaninamlejne.cz\/wp-content\/uploads\/2021\/05\/IMG_0664-600x450.jpg 600w\" sizes=\"(max-width: 1024px) 100vw, 1024px\" \/><\/figure><div class=\"wp-block-media-text__content\">\n<h3 class=\"wp-block-heading\" id=\"block-614706fc-22da-49c8-bc41-25c3e43aa1f3\">Srn\u00ed je typick\u00e1 \u0161umavsk\u00e1 vesni\u010dka v 850ti metrech nad mo\u0159em s kr\u00e1sn\u00fdm monument\u00e1ln\u00edm kostelem, s n\u00e1dhernou p\u0159\u00edrodou chr\u00e1n\u011bnou N\u00e1rodn\u00edm parkem \u0160umava, na jeho\u017e \u00fazem\u00ed se Srn\u00ed nach\u00e1z\u00ed.  Vesni\u010dka s autentick\u00fdmi m\u00edsty z popul\u00e1rn\u00edho seri\u00e1lu Policie Modrava. S proslul\u00fdm Vchynicko-Tetovsk\u00fdm plavebn\u00edm kan\u00e1lem, s pramenem l\u00e9\u010div\u00e9 vody u nedalek\u00e9 Hauswaldsk\u00e9 kaple.  <\/h3>\n<\/div><\/div>\n\n\n\n<div class=\"wp-block-media-text alignwide has-media-on-the-right is-stacked-on-mobile\"><figure class=\"wp-block-media-text__media\"><img decoding=\"async\" width=\"1024\" height=\"683\" src=\"http:\/\/www.ubytovaninamlejne.cz\/wp-content\/uploads\/2021\/05\/IMG_3509-1024x683.jpg\" alt=\"\" class=\"wp-image-964 size-full\" srcset=\"https:\/\/www.ubytovaninamlejne.cz\/wp-content\/uploads\/2021\/05\/IMG_3509-1024x683.jpg 1024w, https:\/\/www.ubytovaninamlejne.cz\/wp-content\/uploads\/2021\/05\/IMG_3509-300x200.jpg 300w, https:\/\/www.ubytovaninamlejne.cz\/wp-content\/uploads\/2021\/05\/IMG_3509-768x512.jpg 768w, https:\/\/www.ubytovaninamlejne.cz\/wp-content\/uploads\/2021\/05\/IMG_3509-1536x1024.jpg 1536w, https:\/\/www.ubytovaninamlejne.cz\/wp-content\/uploads\/2021\/05\/IMG_3509-2048x1365.jpg 2048w, https:\/\/www.ubytovaninamlejne.cz\/wp-content\/uploads\/2021\/05\/IMG_3509-525x350.jpg 525w, https:\/\/www.ubytovaninamlejne.cz\/wp-content\/uploads\/2021\/05\/IMG_3509-105x70.jpg 105w, https:\/\/www.ubytovaninamlejne.cz\/wp-content\/uploads\/2021\/05\/IMG_3509-600x400.jpg 600w\" sizes=\"(max-width: 1024px) 100vw, 1024px\" \/><\/figure><div class=\"wp-block-media-text__content\">\n<h3 class=\"wp-block-heading\" id=\"block-ae63f0af-58b3-4611-8603-8b04ebc6d7ae\">Srn\u00ed je posledn\u00ed dobou hojn\u011b nav\u0161t\u011bvovan\u00e9 i kv\u016fli velk\u00e9 sme\u010dce vlk\u016f, kte\u0159\u00ed \u017eij\u00ed v lesn\u00edm v\u00fdb\u011bhu nedaleko informa\u010dn\u00edho st\u0159ediska N\u00e1rodn\u00edho parku. Ide\u00e1ln\u00ed mo\u017enost dozv\u011bd\u011bt se v\u00edce o t\u011bchto \u0161elm\u00e1ch, jejich\u017e n\u00e1vrat do voln\u00e9 p\u0159\u00edrody vyvol\u00e1v\u00e1 f\u016fry emoc\u00ed.  <\/h3>\n<\/div><\/div>\n\n\n\n<h1 class=\"wp-block-heading\">\u010cerstv\u00fd vzduch a spousty mo\u017enost\u00ed na v\u00fdlety <\/h1>\n","protected":false},"excerpt":{"rendered":"<p>Nov\u011b zrekonstruovan\u00e9 ubytov\u00e1n\u00ed v\u00a0srdci \u0160umavy B\u00fdval\u00fd slavn\u00fd ml\u00fdn, m\u00edsto, kam v\u011bhlasn\u00fd spisovatel Karel Klostermann v&nbsp;70. letech 19. stolet\u00ed ...<\/p>","protected":false},"author":1,"featured_media":0,"parent":0,"menu_order":0,"comment_status":"closed","ping_status":"closed","template":"","meta":{"footnotes":""},"_links":{"self":[{"href":"https:\/\/www.ubytovaninamlejne.cz\/index.php\/wp-json\/wp\/v2\/pages\/991"}],"collection":[{"href":"https:\/\/www.ubytovaninamlejne.cz\/index.php\/wp-json\/wp\/v2\/pages"}],"about":[{"href":"https:\/\/www.ubytovaninamlejne.cz\/index.php\/wp-json\/wp\/v2\/types\/page"}],"author":[{"embeddable":true,"href":"https:\/\/www.ubytovaninamlejne.cz\/index.php\/wp-json\/wp\/v2\/users\/1"}],"replies":[{"embeddable":true,"href":"https:\/\/www.ubytovaninamlejne.cz\/index.php\/wp-json\/wp\/v2\/comments?post=991"}],"version-history":[{"count":13,"href":"https:\/\/www.ubytovaninamlejne.cz\/index.php\/wp-json\/wp\/v2\/pages\/991\/revisions"}],"predecessor-version":[{"id":1011,"href":"https:\/\/www.ubytovaninamlejne.cz\/index.php\/wp-json\/wp\/v2\/pages\/991\/revisions\/1011"}],"wp:attachment":[{"href":"https:\/\/www.ubytovaninamlejne.cz\/index.php\/wp-json\/wp\/v2\/media?parent=991"}],"curies":[{"name":"wp","href":"https:\/\/api.w.org\/{rel}","templated":true}]}}

Úvod

<h1 class="wp-block-heading">Nově zrekonstruované ubytování v srdci Šumavy</h1>



<div class="wp-block-media-text alignwide is-stacked-on-mobile"><figure class="wp-block-media-text__media"><img fetchpriority="high" decoding="async" width="1000" height="673" src="http://www.ubytovaninamlejne.cz/wp-content/uploads/2021/05/cropped-IMG_6029-scaled-1.jpg" alt="" class="wp-image-931 size-full" srcset="https://www.ubytovaninamlejne.cz/wp-content/uploads/2021/05/cropped-IMG_6029-scaled-1.jpg 1000w, https://www.ubytovaninamlejne.cz/wp-content/uploads/2021/05/cropped-IMG_6029-scaled-1-300x202.jpg 300w, https://www.ubytovaninamlejne.cz/wp-content/uploads/2021/05/cropped-IMG_6029-scaled-1-768x517.jpg 768w, https://www.ubytovaninamlejne.cz/wp-content/uploads/2021/05/cropped-IMG_6029-scaled-1-105x70.jpg 105w, https://www.ubytovaninamlejne.cz/wp-content/uploads/2021/05/cropped-IMG_6029-scaled-1-600x404.jpg 600w" sizes="(max-width: 1000px) 100vw, 1000px" /></figure><div class="wp-block-media-text__content">
<h3 class="wp-block-heading">Bývalý slavný mlýn, místo, kam věhlasný spisovatel Karel Klostermann v&nbsp;70. letech 19. století docházel za svojí sestřenicí Cecílií Häuslerovou a z&nbsp;vyprávění  její rodiny čerpal látku pro své slavné romány.  Ubytování se nachází 500 metrů pod obcí Srní směr Modrava.   </h3>
</div></div>



<div class="wp-block-media-text alignwide has-media-on-the-right is-stacked-on-mobile"><figure class="wp-block-media-text__media"><img decoding="async" src="http://www.ubytovaninamlejne.cz/wp-content/uploads/2021/05/IMG_6055.jpg" alt="" class="wp-image-838 size-full"/></figure><div class="wp-block-media-text__content">
<h3 class="wp-block-heading" id="block-e5d252a3-edfd-4fb7-be38-1ce7db5f7b47">Podkrovní 2-lůžkové, 3-lůžkové a 4-lůžkové apartmány s koupelnou, TV a plně vybavenou kuchyňkou. Wifi zdarma. Parkoviště, úschovna kol nebo lyží. Venkovní posezení s ohništěm a grilem. Možnost zapůjčení dětské postýlky nebo dohodou možnost ubytovat kromě sebe i své domácí mazlíčky. </h3>
</div></div>



<div class="wp-block-media-text alignwide is-stacked-on-mobile"><figure class="wp-block-media-text__media"><img decoding="async" width="1024" height="768" src="http://www.ubytovaninamlejne.cz/wp-content/uploads/2021/05/IMG_0664-1024x768.jpg" alt="" class="wp-image-945 size-full" srcset="https://www.ubytovaninamlejne.cz/wp-content/uploads/2021/05/IMG_0664-1024x768.jpg 1024w, https://www.ubytovaninamlejne.cz/wp-content/uploads/2021/05/IMG_0664-300x225.jpg 300w, https://www.ubytovaninamlejne.cz/wp-content/uploads/2021/05/IMG_0664-768x576.jpg 768w, https://www.ubytovaninamlejne.cz/wp-content/uploads/2021/05/IMG_0664-1536x1152.jpg 1536w, https://www.ubytovaninamlejne.cz/wp-content/uploads/2021/05/IMG_0664-2048x1536.jpg 2048w, https://www.ubytovaninamlejne.cz/wp-content/uploads/2021/05/IMG_0664-600x450.jpg 600w" sizes="(max-width: 1024px) 100vw, 1024px" /></figure><div class="wp-block-media-text__content">
<h3 class="wp-block-heading" id="block-614706fc-22da-49c8-bc41-25c3e43aa1f3">Srní je typická šumavská vesnička v 850ti metrech nad mořem s krásným monumentálním kostelem, s nádhernou přírodou chráněnou Národním parkem Šumava, na jehož území se Srní nachází.  Vesnička s autentickými místy z populárního seriálu Policie Modrava. S proslulým Vchynicko-Tetovským plavebním kanálem, s pramenem léčivé vody u nedaleké Hauswaldské kaple.  </h3>
</div></div>



<div class="wp-block-media-text alignwide has-media-on-the-right is-stacked-on-mobile"><figure class="wp-block-media-text__media"><img decoding="async" width="1024" height="683" src="http://www.ubytovaninamlejne.cz/wp-content/uploads/2021/05/IMG_3509-1024x683.jpg" alt="" class="wp-image-964 size-full" srcset="https://www.ubytovaninamlejne.cz/wp-content/uploads/2021/05/IMG_3509-1024x683.jpg 1024w, https://www.ubytovaninamlejne.cz/wp-content/uploads/2021/05/IMG_3509-300x200.jpg 300w, https://www.ubytovaninamlejne.cz/wp-content/uploads/2021/05/IMG_3509-768x512.jpg 768w, https://www.ubytovaninamlejne.cz/wp-content/uploads/2021/05/IMG_3509-1536x1024.jpg 1536w, https://www.ubytovaninamlejne.cz/wp-content/uploads/2021/05/IMG_3509-2048x1365.jpg 2048w, https://www.ubytovaninamlejne.cz/wp-content/uploads/2021/05/IMG_3509-525x350.jpg 525w, https://www.ubytovaninamlejne.cz/wp-content/uploads/2021/05/IMG_3509-105x70.jpg 105w, https://www.ubytovaninamlejne.cz/wp-content/uploads/2021/05/IMG_3509-600x400.jpg 600w" sizes="(max-width: 1024px) 100vw, 1024px" /></figure><div class="wp-block-media-text__content">
<h3 class="wp-block-heading" id="block-ae63f0af-58b3-4611-8603-8b04ebc6d7ae">Srní je poslední dobou hojně navštěvované i kvůli velké smečce vlků, kteří žijí v lesním výběhu nedaleko informačního střediska Národního parku. Ideální možnost dozvědět se více o těchto šelmách, jejichž návrat do volné přírody vyvolává fůry emocí.  </h3>
</div></div>



<h1 class="wp-block-heading">Čerstvý vzduch a spousty možností na výlety </h1>

<p>Nově zrekonstruované ubytování v srdci Šumavy Bývalý slavný mlýn, místo, kam věhlasný spisovatel Karel Klostermann v&nbsp;70. letech 19. století ...</p>
