{"id":786,"date":"2021-02-06T14:46:24","date_gmt":"2021-02-06T14:46:24","guid":{"rendered":"http:\/\/www.ubytovaninamlejne.cz\/?page_id=786"},"modified":"2021-05-13T19:53:48","modified_gmt":"2021-05-13T19:53:48","slug":"historie","status":"publish","type":"page","link":"https:\/\/www.ubytovaninamlejne.cz\/index.php\/historie\/","title":{"rendered":"Historie"},"content":{"rendered":"\n<p class=\"has-text-align-left\"><strong>B\u00fdval\u00fd Truhl\u00e1\u0159sk\u00fd ml\u00fdn (Tischlerm\u00fchle) \u010d.p. 72<\/strong><\/p>\n\n\n\n<p class=\"has-text-align-left\">B\u00fdval\u00fd ml\u00fdn na Hr\u00e1deck\u00e9m potoce pobl\u00ed\u017e silnice Srn\u00ed &#8211; Modrava. Dnes v\u00fdrazn\u011b p\u0159estav\u011bn\u00fd objekt, jedin\u00fd dochovan\u00fd z tzv. \u201eMlyn\u00e1\u0159sk\u00fdch Domk\u016f\u201c.<\/p>\n\n\n\n<p class=\"has-text-align-left\">Ml\u00fdn vznikl pravd\u011bpodobn\u011b kolem poloviny 19. stol. Jeliko\u017e stoj\u00ed na lev\u00e9m b\u0159ehu potoka, nepat\u0159il form\u00e1ln\u011b pod Hr\u00e1dky, ale pod Sedlo, m\u011bl \u010d\u00edslo 65. Krom\u011b ml\u00fdnu zde byla i v\u00fdroba \u0161indel\u016f, peka\u0159stv\u00ed a mal\u00fd obchod. <strong>V&nbsp;70. letech 19. stol. sem doch\u00e1zel za svoj\u00ed sest\u0159enic\u00ed Cec\u00edli\u00ed H\u00e4uslerovou spisovatel Karel Klostermann, kter\u00fd z&nbsp;vypr\u00e1v\u011bn\u00ed jej\u00edho man\u017eela V\u00e1clava H\u00e4uslera \u010derpal l\u00e1tku pro sv\u00e9 rom\u00e1ny a pov\u00eddky (V srdci \u0161umavsk\u00fdch hvozd\u016f, V r\u00e1ji \u0161umavsk\u00e9m, Ze sv\u011bta lesn\u00edch samot&#8230;). <\/strong>V dr\u017een\u00ed rodu H\u00e4usler\u016f byl ml\u00fdn do roku 1934. V roce 1935 zde vybudov\u00e1na pila. Pam\u00e1tkov\u00e1 ochrana od roku 1958, roku 1980 zru\u0161ena.<\/p>\n\n\n\n<p class=\"has-text-align-left\"><strong>O historii Doln\u00edch Hr\u00e1dk\u016f a na\u0161eho ml\u00fdna si detailn\u011bji p\u0159e\u010dtete zde:<\/strong><\/p>\n\n\n\n<p><a href=\"http:\/\/www.mistopis.eu\/mistopiscr\/sumava\/kasperskohorsko\/dolni_hradky.htm\">http:\/\/www.mistopis.eu\/mistopiscr\/sumava\/kasperskohorsko\/dolni_hradky.htm<\/a><\/p>\n\n\n\n<p><strong>Popis z kroniky obce Srn\u00ed:<\/strong><\/p>\n\n\n\n<p class=\"has-text-align-left\"><strong>Truhl\u00e1\u0159sk\u00fd ml\u00fdn (Tischlerm\u00fchle) na Hr\u00e1deck\u00e9m potoce<\/strong>. Josef F\u00fcrst z Dlouh\u00e9 Vsi koupil ml\u00fdn v roce 1934 od Theresie H\u00e4usler a jej\u00ed sestry Barbory Oberhofer. Budovy byly ve \u0161patn\u00e9m stavu, provoz byl zastaven. Po svatb\u011b s Herminou R\u00fcckl z Hamr\u016f (Hammern), resp. z tamn\u00edho statku Berghof (1935) dal nov\u00fd majitel ml\u00fdn do provozu a p\u0159istav\u011bl pilu. Tenkr\u00e1t zam\u011bstn\u00e1val \u0161est pracovn\u00edk\u016f. Skrze odsun se rodina F\u00fcrst dostala do Zwieselau, kde si op\u011bt  vystav\u011bla pilu. D\u011bti: Erika, Waltraud a Josef.<\/p>\n","protected":false},"excerpt":{"rendered":"<p>B\u00fdval\u00fd Truhl\u00e1\u0159sk\u00fd ml\u00fdn (Tischlerm\u00fchle) \u010d.p. 72 B\u00fdval\u00fd ml\u00fdn na Hr\u00e1deck\u00e9m potoce pobl\u00ed\u017e silnice Srn\u00ed &#8211; Modrava. Dnes v\u00fdrazn\u011b ...<\/p>","protected":false},"author":1,"featured_media":0,"parent":0,"menu_order":0,"comment_status":"closed","ping_status":"closed","template":"","meta":{"footnotes":""},"_links":{"self":[{"href":"https:\/\/www.ubytovaninamlejne.cz\/index.php\/wp-json\/wp\/v2\/pages\/786"}],"collection":[{"href":"https:\/\/www.ubytovaninamlejne.cz\/index.php\/wp-json\/wp\/v2\/pages"}],"about":[{"href":"https:\/\/www.ubytovaninamlejne.cz\/index.php\/wp-json\/wp\/v2\/types\/page"}],"author":[{"embeddable":true,"href":"https:\/\/www.ubytovaninamlejne.cz\/index.php\/wp-json\/wp\/v2\/users\/1"}],"replies":[{"embeddable":true,"href":"https:\/\/www.ubytovaninamlejne.cz\/index.php\/wp-json\/wp\/v2\/comments?post=786"}],"version-history":[{"count":10,"href":"https:\/\/www.ubytovaninamlejne.cz\/index.php\/wp-json\/wp\/v2\/pages\/786\/revisions"}],"predecessor-version":[{"id":1008,"href":"https:\/\/www.ubytovaninamlejne.cz\/index.php\/wp-json\/wp\/v2\/pages\/786\/revisions\/1008"}],"wp:attachment":[{"href":"https:\/\/www.ubytovaninamlejne.cz\/index.php\/wp-json\/wp\/v2\/media?parent=786"}],"curies":[{"name":"wp","href":"https:\/\/api.w.org\/{rel}","templated":true}]}}

<p class="has-text-align-left"><strong>Bývalý Truhlářský mlýn (Tischlermühle) č.p. 72</strong></p>



<p class="has-text-align-left">Bývalý mlýn na Hrádeckém potoce poblíž silnice Srní &#8211; Modrava. Dnes výrazně přestavěný objekt, jediný dochovaný z tzv. „Mlynářských Domků“.</p>



<p class="has-text-align-left">Mlýn vznikl pravděpodobně kolem poloviny 19. stol. Jelikož stojí na levém břehu potoka, nepatřil formálně pod Hrádky, ale pod Sedlo, měl číslo 65. Kromě mlýnu zde byla i výroba šindelů, pekařství a malý obchod. <strong>V&nbsp;70. letech 19. stol. sem docházel za svojí sestřenicí Cecílií Häuslerovou spisovatel Karel Klostermann, který z&nbsp;vyprávění jejího manžela Václava Häuslera čerpal látku pro své romány a povídky (V srdci šumavských hvozdů, V ráji šumavském, Ze světa lesních samot&#8230;). </strong>V držení rodu Häuslerů byl mlýn do roku 1934. V roce 1935 zde vybudována pila. Památková ochrana od roku 1958, roku 1980 zrušena.</p>



<p class="has-text-align-left"><strong>O historii Dolních Hrádků a našeho mlýna si detailněji přečtete zde:</strong></p>



<p><a href="http://www.mistopis.eu/mistopiscr/sumava/kasperskohorsko/dolni_hradky.htm">http://www.mistopis.eu/mistopiscr/sumava/kasperskohorsko/dolni_hradky.htm</a></p>



<p><strong>Popis z kroniky obce Srní:</strong></p>



<p class="has-text-align-left"><strong>Truhlářský mlýn (Tischlermühle) na Hrádeckém potoce</strong>. Josef Fürst z Dlouhé Vsi koupil mlýn v roce 1934 od Theresie Häusler a její sestry Barbory Oberhofer. Budovy byly ve špatném stavu, provoz byl zastaven. Po svatbě s Herminou Rückl z Hamrů (Hammern), resp. z tamního statku Berghof (1935) dal nový majitel mlýn do provozu a přistavěl pilu. Tenkrát zaměstnával šest pracovníků. Skrze odsun se rodina Fürst dostala do Zwieselau, kde si opět  vystavěla pilu. Děti: Erika, Waltraud a Josef.</p>

<p>Bývalý Truhlářský mlýn (Tischlermühle) č.p. 72 Bývalý mlýn na Hrádeckém potoce poblíž silnice Srní &#8211; Modrava. Dnes výrazně ...</p>
