{"id":10,"date":"2020-12-29T13:54:28","date_gmt":"2020-12-29T13:54:28","guid":{"rendered":"http:\/\/www.ubytovaninamlejne.cz\/?page_id=10"},"modified":"2021-05-12T18:48:12","modified_gmt":"2021-05-12T18:48:12","slug":"kontakt","status":"publish","type":"page","link":"https:\/\/www.ubytovaninamlejne.cz\/index.php\/kontakt\/","title":{"rendered":"Kontakt"},"content":{"rendered":"\n<p class=\"has-text-align-center\"><strong>Ubytovac\u00ed slu\u017eby jsou provozov\u00e1ny pod I\u010cO 64860329<\/strong><\/p>\n\n\n\n<p class=\"has-text-align-center\"><strong>\u010c\u00edslo \u00fa\u010dtu pro z\u00e1lohy a platby: 221016487\/0300<\/strong><\/p>\n\n\n\n<p><\/p>\n\n\n\n<p class=\"has-text-align-center has-gray-background-color has-background\"><strong>Pro reservaci volejte Dagmar \u0160eb\u00edkovou 724979329<\/strong><\/p>\n\n\n\n<p class=\"has-text-align-center has-gray-background-color has-background\"><strong><strong>Nebo pi\u0161te na mail dagmarka.r@seznam.cz<\/strong><\/strong><\/p>\n\n\n\n<p class=\"has-text-align-center has-gray-background-color has-background\"><strong><strong>T\u011b\u0161\u00edme se na v\u00e1s!!! Dagmar a Josef \u0160eb\u00edkovi<\/strong><\/strong><\/p>\n","protected":false},"excerpt":{"rendered":"<p>Ubytovac\u00ed slu\u017eby jsou provozov\u00e1ny pod I\u010cO 64860329 \u010c\u00edslo \u00fa\u010dtu pro z\u00e1lohy a platby: 221016487\/0300 Pro reservaci volejte Dagmar ...<\/p>","protected":false},"author":1,"featured_media":0,"parent":0,"menu_order":0,"comment_status":"closed","ping_status":"closed","template":"","meta":{"footnotes":""},"_links":{"self":[{"href":"https:\/\/www.ubytovaninamlejne.cz\/index.php\/wp-json\/wp\/v2\/pages\/10"}],"collection":[{"href":"https:\/\/www.ubytovaninamlejne.cz\/index.php\/wp-json\/wp\/v2\/pages"}],"about":[{"href":"https:\/\/www.ubytovaninamlejne.cz\/index.php\/wp-json\/wp\/v2\/types\/page"}],"author":[{"embeddable":true,"href":"https:\/\/www.ubytovaninamlejne.cz\/index.php\/wp-json\/wp\/v2\/users\/1"}],"replies":[{"embeddable":true,"href":"https:\/\/www.ubytovaninamlejne.cz\/index.php\/wp-json\/wp\/v2\/comments?post=10"}],"version-history":[{"count":11,"href":"https:\/\/www.ubytovaninamlejne.cz\/index.php\/wp-json\/wp\/v2\/pages\/10\/revisions"}],"predecessor-version":[{"id":928,"href":"https:\/\/www.ubytovaninamlejne.cz\/index.php\/wp-json\/wp\/v2\/pages\/10\/revisions\/928"}],"wp:attachment":[{"href":"https:\/\/www.ubytovaninamlejne.cz\/index.php\/wp-json\/wp\/v2\/media?parent=10"}],"curies":[{"name":"wp","href":"https:\/\/api.w.org\/{rel}","templated":true}]}}

<p class="has-text-align-center"><strong>Ubytovací služby jsou provozovány pod IČO 64860329</strong></p>



<p class="has-text-align-center"><strong>Číslo účtu pro zálohy a platby: 221016487/0300</strong></p>



<p></p>



<p class="has-text-align-center has-gray-background-color has-background"><strong>Pro reservaci volejte Dagmar Šebíkovou 724979329</strong></p>



<p class="has-text-align-center has-gray-background-color has-background"><strong><strong>Nebo pište na mail dagmarka.r@seznam.cz</strong></strong></p>



<p class="has-text-align-center has-gray-background-color has-background"><strong><strong>Těšíme se na vás!!! Dagmar a Josef Šebíkovi</strong></strong></p>

<p>Ubytovací služby jsou provozovány pod IČO 64860329 Číslo účtu pro zálohy a platby: 221016487/0300 Pro reservaci volejte Dagmar ...</p>
